k + 86. Let w be o(6). Let f be 0 - ((-22)/w*-2 - 1). What is the greatest common factor of 12 and f?
12
Suppose 2*i + 264 = 5*y + 714, i + 4*y - 225 = 0. Let f be (-1504)/(-30) + (-6)/45. Calculate the greatest common factor of i and f.
25
Let q = 7942 + 4050. Calculate the highest common divisor of q and 8.
8
Let w(b) = -295*b + 3514. Let h be w(10). Calculate the highest common divisor of h and 384.
12
Suppose 1012 = -35*c + 1887. What is the highest common divisor of 8975 and c?
25
Let d(l) = l**2. Let g be d(3). Let r(p) = -6*p + 2*p**2 + 27 - 62 + 36. Let u be r(3). Calculate the highest common factor of u and g.
1
Let b(j) = 30*j**3 - 4*j**2 + 6*j + 11. Let c be b(3). Calculate the highest common factor of 11 and c.
11
Let j(u) = -u + 14. Let o be j(9). Let h = -554 + 559. What is the greatest common divisor of h and o?
5
Let o be (-12)/(-6) + 3 - 345/(-3). Calculate the highest common factor of 1290 and o.
30
Let n be (14 + (-1815)/30)*(-160)/6. Calculate the highest common factor of n and 680.
40
Let x = -314 - -486. Let k(q) = 17*q - 757. Let y be k(45). Calculate the highest common divisor of x and y.
4
Suppose 7*n + 8*n - 555 = 0. Let h(g) = -13*g + 108. Let y be h(-23). What is the greatest common divisor of n and y?
37
Suppose 24*n - 25*n + 125 = 0. Let d be ((-373)/5)/(-1) + (-30)/(-75). Calculate the highest common factor of n and d.
25
Suppose 4*j - 669 + 16 - 563 = 0. Calculate the greatest common divisor of j and 2888.
152
Let a be ((-21)/28 - 0)/(-9*12/4320). Let r be (-1 + 10)*6/9. Let f = r - -6. What is the highest common factor of a and f?
6
Let g(r) = 94*r + 4. Let h be g(3). Let o(z) = 2*z**3 + 330*z**2 + 974*z + 454. Let n be o(-162). Calculate the greatest common factor of h and n.
26
Let c be -6 + (-6)/15*-5. Let p be 17 - ((-5 + 4)*0)/c. What is the greatest common divisor of 34 and p?
17
Let z = -2 + 29. Suppose 2*r - 36 = -4*d, -2*r + 36 = 2*d - 4*d. Let y be (r + -4 - -3) + -4 - -5. What is the greatest common divisor of y and z?
9
Let s = -20656 - -20682. Let m be (-6 - -19)*13*1. What is the highest common divisor of m and s?
13
Let k(t) = -5*t + 378. Let a be k(33). Calculate the greatest common divisor of a and 3.
3
Let l be (2/(-4))/(11/6 + -2). Suppose 4*g - l*g = 0. Suppose -4*i + 8 = g, -i + 126 = 3*s + 2*i. Calculate the highest common factor of s and 5.
5
Let k(m) = 5*m**2 - 118*m + 108. Let b be k(23). Calculate the greatest common divisor of 91 and b.
13
Let t = -68 - -66. Let u be ((-8)/t - 13)*(-1 - 0). What is the greatest common factor of u and 9?
9
Let p = 323 + -151. Suppose 24*g - 452 = p. What is the greatest common factor of g and 598?
26
Let d(v) = -v**3 - 8*v**2 - 16*v - 9. Suppose 7*i - 2 = -44. Let o be d(i). Suppose 0 = -0*s - 4*s + 60. What is the greatest common factor of o and s?
15
Let h = 297 - 213. Suppose 5*c + 27 + 167 = 3*l, -3*l + 188 = c. Calculate the highest common factor of l and h.
21
Suppose 0*l = l - 12. Suppose 4*m - 418 = i, -3*m - 4*i + 323 = -0*i. Suppose -60 = -m*u + 104*u. Calculate the highest common divisor of u and l.
12
Suppose 141*v + 27*v - 170085 = 135675. What is the greatest common factor of 20 and v?
20
Suppose 4*n - 2*g = 256, 4*n - 4*g = -7*g + 246. Suppose 2*u = s - 19, -3*s - 8*u = -3*u - 68. Calculate the highest common factor of s and n.
21
Suppose 14*d - 10*d + 4*i - 1584 = 0, 0 = 5*i - 40. What is the greatest common divisor of 1746 and d?
194
Let w(d) = d**3 + 7*d**2 + d - 21. Let y be w(-5). Calculate the greatest common divisor of y and 1128.
24
Let k = -16919 - -17384. What is the highest common divisor of 115 and k?
5
Let r(g) = -3*g - 39. Let i be r(-15). Suppose -i*o + o + 207 = 4*m, -5*m = 3*o - 249. Calculate the greatest common factor of m and 304.
16
Let y(j) = 6*j + 3. Let r be y(-4). Let a be (2/3)/(r/(-189)). Let z be a/(-8) + (-1100)/(-80). Calculate the highest common factor of z and 117.
13
Let r(s) = -12*s + 65. Let l be r(15). Let n = 122 + l. Suppose -396 + 11 = -5*c. What is the greatest common divisor of c and n?
7
Suppose 5*y - 18 = -8. Suppose 0 = y*v + 19 - 19. Suppose v = -4*r + 2*r + 96. Calculate the highest common divisor of 16 and r.
16
Let d be (-2)/(-10)*3 - (-8 + 24684/(-85)). What is the highest common divisor of d and 403?
13
Let u = 121 + 13. Suppose -u = -2*t + 5*d, -2*t + 7*t + d - 281 = 0. Let y = -176 + 179. Calculate the greatest common factor of y and t.
3
Suppose 5*j + 2*u - 609 = 0, -5 - 247 = -2*j - 5*u. Suppose -2*q - 16 = -60. What is the greatest common divisor of q and j?
11
Let x(p) = p**3 + 21*p**2 - 17*p - 32. Suppose 3*v - 24 = -87. Let q be x(v). What is the highest common factor of q and 130?
65
Let k be (24/10)/((-6)/(-30)). Let o = 40 - 30. Let c be 225/o*(-96)/(-20). What is the highest common divisor of c and k?
12
Let t = 2595 - 2211. Calculate the highest common divisor of t and 84.
12
Let i(q) = 11*q - 667. Let k be i(62). Let c be (k/(-4))/((-737)/704 - -1). Let b(j) = 40*j. Let z be b(1). Calculate the highest common divisor of z and c.
40
Suppose -4*l + 40 = 4*f, -4*f = 2*l - l - 28. Let p(v) = 7217*v + 20 + 54 - 7220*v + 15. Let c be p(29). What is the greatest common factor of c and f?
2
Suppose -n - 5*n = -1206. Let o = n + -134. Suppose 16 = -3*z + o. Calculate the highest common divisor of z and 17.
17
Suppose -252*p + 506502 = -472*p + 258*p. Calculate the greatest common factor of 18 and p.
9
Suppose 4*t + 404 = 4*u, -47*t = -4*u - 44*t + 408. What is the greatest common factor of 9645 and u?
15
Let i(z) = 2*z**2 + 22*z - 129. Let l be i(6). Calculate the greatest common divisor of 2355 and l.
15
Let d(r) = 2*r**2 + 4*r - 23. Let w be d(3). Let f be w/(-2) - 1026/(-76). Let z = 65 + -35. What is the highest common factor of f and z?
10
Suppose 119*n + 147*n - 21714 = -63*n. What is the greatest common divisor of 1738 and n?
22
Suppose 2*y - 19 = 35. Let m = y + -18. Suppose -86*q + 87*q + o - 75 = 0, -132 = -2*q + 4*o. What is the greatest common factor of q and m?
9
Let o(p) = 2*p**3 + 27*p**2 + 25*p + 27. Let y be 430/(-160)*4 + (-1)/4. Let s be o(y). What is the highest common divisor of 21 and s?
21
Let n = 640 - 528. Let i(l) = 127*l**3 - l + 2. Let f be i(1). Calculate the highest common factor of n and f.
16
Let u(v) = -v**3 + 71*v**2 - 10*v + 751. Let t be u(71). Calculate the greatest common divisor of t and 1.
1
Suppose 0 = -5*q + 20, 5*p - 112 = -161*q + 163*q. Let n be (12/(-10))/((-6)/40). What is the greatest common divisor of p and n?
8
Let m = -9496 - -10876. Calculate the greatest common divisor of m and 138.
138
Suppose 65155 - 15355 = 109*g - 97350. Calculate the greatest common divisor of 216 and g.
54
Suppose -696*n = -712*n + 365248. Calculate the highest common divisor of n and 52.
52
Let w(k) = 4*k**2 + 7*k - 97. Let s be w(5). Let z be 110/3*285/s. What is the highest common factor of 22 and z?
11
Suppose 47*s = 10*s + 74. Suppose 2*z + 3*u - 23 = 0, 5*z - 24 = 3*z - s*u. What is the greatest common factor of 39 and z?
13
Let n(s) = -1680*s - 10068. Let v be n(-6). What is the greatest common factor of 1048 and v?
4
Suppose -18220 = -45*t - 895. What is the highest common factor of 220 and t?
55
Suppose -2*o - 4*j + 86 = 0, -11*o + 2*j = -16*o + 199. What is the greatest common factor of o and 2613?
39
Let v be (1305/2088 - (-2 + 0)/(-16))*88. What is the highest common divisor of v and 121?
11
Suppose 0 = -5*g - 0*g + 4*q + 401, 3*g - 211 = -5*q. Suppose 0 = -4*c + 151 + g. What is the greatest common factor of 152 and c?
19
Let z(d) = 205*d**2 - d - 2. Let h = 534 + -535. Let c be z(h). Calculate the greatest common factor of 255 and c.
51
Suppose 3*m = 2*j + 59, -11 + 2 = -m + 6*j. Calculate the greatest common factor of 15519 and m.
21
Suppose -54*x - 11317 + 31 = 0. Let d = x - -228. What is the highest common divisor of 589 and d?
19
Suppose -2*b - 5*f - 10969 = -56326, -90615 = -4*b + f. Calculate the highest common divisor of b and 177.
177
Let t(j) = 12*j + 25. Suppose g = -2*p + 6*g + 6, 2*p + 3*g = -10. Let o be t(p). Calculate the greatest common factor of 4 and o.
1
Let n = 5370 - 5362. Suppose 2*k - 54 = -k. Calculate the greatest common factor of k and n.
2
Let v be 0 - -2*(0 - -33). Let j = 17809 + -17779. What is the greatest co